{"id":13,"date":"2019-09-16T20:37:14","date_gmt":"2019-09-16T18:37:14","guid":{"rendered":"http:\/\/rsh-test.de\/?page_id=13"},"modified":"2025-05-15T08:52:21","modified_gmt":"2025-05-15T06:52:21","slug":"sozialpaedagoginnen","status":"publish","type":"page","link":"https:\/\/rsh-bonn.de\/?page_id=13","title":{"rendered":"Schulsozialarbeit"},"content":{"rendered":"<p><span style=\"font-family: arial, helvetica, sans-serif; font-size: 12pt;\"><strong>Schulsozialarbeit an der Realschule Hardtberg\u00a0 <\/strong><\/span><\/p>\n<p style=\"background: white; margin: 6.0pt 0cm 24.0pt 0cm;\"><span style=\"font-family: 'Arial', sans-serif; color: #404040; font-size: 12pt;\">Frau Wei\u00dfgerber und Herr B\u00fcy\u00fckbezci sind Schulsozialarbeiter*innen der Stadt Bonn und verst\u00e4rken unser Team mit dem Ziel, mit ihren Angeboten das soziale Miteinander an unserer Schule zu verbessern.<\/span><\/p>\n<p style=\"background: white; margin: 6.0pt 0cm 24.0pt 0cm;\"><span style=\"font-family: 'Arial', sans-serif; color: #404040; font-size: 12pt;\">Sie sind f\u00fcr unsere Sch\u00fclerinnen und Sch\u00fcler, das Lehrerkollegium und die Eltern gleicherma\u00dfen Ansprechpartner in Beratungs- und Konfliktsituationen (in schulischen, famili\u00e4ren und\/ oder pers\u00f6nlichen Belangen) und unterst\u00fctzen diese bei der L\u00f6sungssuche. Sie unterliegen der Schweigepflicht und behandeln jedes Gespr\u00e4ch vertraulich.<\/span><\/p>\n<p style=\"background: white; margin: 6.0pt 0cm 24.0pt 0cm;\"><span style=\"font-family: 'Arial', sans-serif; color: #404040; font-size: 12pt;\">Auch beraten sie zu Leistungen des Bildungs- und Teilhabepakets und weiteren Hilfsangeboten in Bonn und helfen bei der Antragstellung. Im Bedarfsfall arbeiten und vermitteln sie die Beteiligten an au\u00dferschulische Einrichtungen und Beratungsstellen.<\/span><\/p>\n<p style=\"background: white; margin: 6.0pt 0cm 24.0pt 0cm;\"><span style=\"font-family: 'Arial', sans-serif; color: #404040; font-size: 12pt;\">Die Schulsozialarbeiter*innen initiieren Projekte u.a. zur Gewalt- und Suchtpr\u00e4vention, F\u00f6rderung der sozialen Kompetenzen und dem Zusammenhalt der Sch\u00fclerinnen und Sch\u00fcler in den einzelnen Klassen. Frau Wei\u00dfgerber setzt ihren Schwerpunkt besonders auf die Beratung und Unterst\u00fctzung bei der Berufsorientierung und dem \u00dcbergang von Schule ins Berufsleben.<\/span><\/p>\n<table style=\"width: 89.2952%;\">\n<tbody>\n<tr>\n<td style=\"width: 50.2567%;\" colspan=\"2\" width=\"588\"><span style=\"font-size: 14pt;\"><strong><span style=\"font-family: arial, helvetica, sans-serif;\">Kontakt<\/span><\/strong><\/span><\/td>\n<td style=\"width: 8.63543%;\"><\/td>\n<td style=\"width: 15.0288%;\"><\/td>\n<td style=\"width: 132.212%;\"><\/td>\n<\/tr>\n<tr>\n<td style=\"width: 23.8856%;\" width=\"243\"><span style=\"font-family: arial, helvetica, sans-serif;\"><strong>\u00a0<\/strong><\/span><\/td>\n<td style=\"width: 26.3711%;\" width=\"243\"><strong>\u00a0<\/strong><\/td>\n<td style=\"width: 8.63543%;\"><strong>\u00a0<\/strong><\/td>\n<td style=\"width: 15.0288%;\" width=\"243\"><strong>\u00a0<\/strong><\/td>\n<td style=\"width: 132.212%;\" width=\"344\"><strong>\u00a0<\/strong><\/td>\n<\/tr>\n<tr>\n<td style=\"width: 23.8856%;\" width=\"243\"><span style=\"font-family: arial, helvetica, sans-serif; font-size: 14pt;\"><a href=\"https:\/\/rsh-bonn.de\/wp-content\/uploads\/2021\/09\/weissgerber.png\"><img loading=\"lazy\" decoding=\"async\" class=\"alignleft size-full wp-image-5156\" src=\"https:\/\/rsh-bonn.de\/wp-content\/uploads\/2021\/09\/weissgerber.png\" alt=\"\" width=\"228\" height=\"214\" \/><\/a><\/span><\/td>\n<td style=\"width: 26.3711%;\" width=\"243\"><span style=\"font-family: arial, helvetica, sans-serif; font-size: 14pt;\"><strong><u>Olga Wei\u00dfgerber<\/u><\/strong><\/span><\/p>\n<p><span style=\"font-family: arial, helvetica, sans-serif; font-size: 14pt;\">Tel: \u00a00171 62 76 81 6<\/span><\/p>\n<p><span style=\"font-family: arial, helvetica, sans-serif; font-size: 14pt;\">E-Mail:<\/span><span style=\"font-family: arial, helvetica, sans-serif; font-size: 14pt;\"> <a href=\"mailto:olga.weissgerber@rsh-bonn.nrw.schule\">olga.weissgerber@rsh-bonn.nrw.schule<\/a><\/span><\/p>\n<p><span style=\"font-family: arial, helvetica, sans-serif; font-size: 14pt;\">Raum: A213<strong><br \/>\n<\/strong><\/span><\/p>\n<p><span style=\"font-family: arial, helvetica, sans-serif; font-size: 14pt;\">Pr\u00e4senszeit: Donnerstag und Freitag<\/span><\/td>\n<td style=\"width: 8.63543%;\"><span style=\"font-family: arial, helvetica, sans-serif; font-size: 14pt;\">\u00a0<\/span><\/td>\n<td style=\"width: 15.0288%;\" width=\"243\"><a href=\"https:\/\/rsh-bonn.de\/wp-content\/uploads\/2025\/03\/1299525-scaled.jpg\"><img loading=\"lazy\" decoding=\"async\" class=\"alignleft size-medium wp-image-6832\" src=\"https:\/\/rsh-bonn.de\/wp-content\/uploads\/2025\/03\/1299525-214x300.jpg\" alt=\"\" width=\"214\" height=\"300\" srcset=\"https:\/\/rsh-bonn.de\/wp-content\/uploads\/2025\/03\/1299525-214x300.jpg 214w, https:\/\/rsh-bonn.de\/wp-content\/uploads\/2025\/03\/1299525-731x1024.jpg 731w, https:\/\/rsh-bonn.de\/wp-content\/uploads\/2025\/03\/1299525-768x1075.jpg 768w, https:\/\/rsh-bonn.de\/wp-content\/uploads\/2025\/03\/1299525-1097x1536.jpg 1097w, https:\/\/rsh-bonn.de\/wp-content\/uploads\/2025\/03\/1299525-1463x2048.jpg 1463w, https:\/\/rsh-bonn.de\/wp-content\/uploads\/2025\/03\/1299525-scaled.jpg 1828w\" sizes=\"auto, (max-width: 214px) 100vw, 214px\" \/><\/a><\/p>\n<p>&nbsp;<\/td>\n<td style=\"width: 132.212%;\" width=\"344\"><span style=\"font-family: arial, helvetica, sans-serif; font-size: 14pt;\"><strong><u>G\u00f6khan B\u00fcy\u00fckbezci<\/u><\/strong><\/span><\/p>\n<p><u><\/u><span style=\"font-family: arial, helvetica, sans-serif; font-size: 14pt;\">Tel: \u00a001515 3187287<\/span><\/p>\n<p><span style=\"font-family: arial, helvetica, sans-serif; font-size: 14pt;\">E-Mail: <a href=\"mailto:goekhan.bueyuekbezci@bonn.de\" target=\"_blank\" rel=\"noopener\">goekhan.bueyuekbezci@bonn.de<\/a><\/span><\/p>\n<p><span style=\"font-family: arial, helvetica, sans-serif; font-size: 14pt;\">Raum: A213<strong><br \/>\n<\/strong><\/span><\/p>\n<p><span style=\"font-family: arial, helvetica, sans-serif; font-size: 14pt;\">Pr\u00e4senszeit: Montag bis Freitag<\/span><\/td>\n<\/tr>\n<\/tbody>\n<\/table>\n","protected":false},"excerpt":{"rendered":"<p>Schulsozialarbeit an der Realschule Hardtberg\u00a0 Frau Wei\u00dfgerber und Herr B\u00fcy\u00fckbezci sind Schulsozialarbeiter*innen der Stadt Bonn und verst\u00e4rken unser Team mit dem Ziel, mit ihren Angeboten das soziale Miteinander an unserer [&hellip;]<\/p>\n","protected":false},"author":1,"featured_media":0,"parent":0,"menu_order":0,"comment_status":"closed","ping_status":"closed","template":"","meta":{"_price":"","_stock":"","_tribe_ticket_header":"","_tribe_default_ticket_provider":"","_tribe_ticket_capacity":"0","_ticket_start_date":"","_ticket_end_date":"","_tribe_ticket_show_description":"","_tribe_ticket_show_not_going":false,"_tribe_ticket_use_global_stock":"","_tribe_ticket_global_stock_level":"","_global_stock_mode":"","_global_stock_cap":"","_tribe_rsvp_for_event":"","_tribe_ticket_going_count":"","_tribe_ticket_not_going_count":"","_tribe_tickets_list":"[]","_tribe_ticket_has_attendee_info_fields":false,"footnotes":"","_tec_slr_enabled":"","_tec_slr_layout":""},"class_list":["post-13","page","type-page","status-publish","hentry"],"jetpack_sharing_enabled":true,"ticketed":false,"_links":{"self":[{"href":"https:\/\/rsh-bonn.de\/index.php?rest_route=\/wp\/v2\/pages\/13","targetHints":{"allow":["GET"]}}],"collection":[{"href":"https:\/\/rsh-bonn.de\/index.php?rest_route=\/wp\/v2\/pages"}],"about":[{"href":"https:\/\/rsh-bonn.de\/index.php?rest_route=\/wp\/v2\/types\/page"}],"author":[{"embeddable":true,"href":"https:\/\/rsh-bonn.de\/index.php?rest_route=\/wp\/v2\/users\/1"}],"replies":[{"embeddable":true,"href":"https:\/\/rsh-bonn.de\/index.php?rest_route=%2Fwp%2Fv2%2Fcomments&post=13"}],"version-history":[{"count":34,"href":"https:\/\/rsh-bonn.de\/index.php?rest_route=\/wp\/v2\/pages\/13\/revisions"}],"predecessor-version":[{"id":6905,"href":"https:\/\/rsh-bonn.de\/index.php?rest_route=\/wp\/v2\/pages\/13\/revisions\/6905"}],"wp:attachment":[{"href":"https:\/\/rsh-bonn.de\/index.php?rest_route=%2Fwp%2Fv2%2Fmedia&parent=13"}],"curies":[{"name":"wp","href":"https:\/\/api.w.org\/{rel}","templated":true}]}}