{"id":2407,"date":"2020-03-23T08:57:58","date_gmt":"2020-03-23T07:57:58","guid":{"rendered":"http:\/\/rsh-bonn.de\/?page_id=2407"},"modified":"2020-04-04T10:39:25","modified_gmt":"2020-04-04T08:39:25","slug":"muss-ich-die-aufgaben-machen","status":"publish","type":"page","link":"https:\/\/rsh-bonn.de\/?page_id=2407","title":{"rendered":"Muss ich die Aufgaben erledigen?"},"content":{"rendered":"<p><span style=\"font-size: 14pt;\"><strong><span style=\"font-family: arial, helvetica, sans-serif;\">Muss ich die Aufgaben erledigen?<\/span><\/strong><\/span><\/p>\n<p><span style=\"font-family: arial, helvetica, sans-serif; font-size: 14pt;\">Liebe Sch\u00fclerinnen und Sch\u00fcler,<\/span><\/p>\n<p><span style=\"font-family: arial, helvetica, sans-serif; font-size: 14pt;\">nat\u00fcrlich <strong>m\u00fcsst<\/strong> ihr die Aufgaben machen! Das Schulministerium schreibt dazu Folgendes:<\/span><\/p>\n<p><span style=\"font-family: arial, helvetica, sans-serif; font-size: 14pt;\">Bei Zeitr\u00e4umen des Ruhens des Unterrichts aus Infektionsschutzgr\u00fcnden handelt es sich <strong>nicht um Ferien<\/strong>, die der Erholung dienen.<\/span><\/p>\n<p><span style=\"font-family: arial, helvetica, sans-serif; font-size: 14pt;\">Gem\u00e4\u00df <a href=\"https:\/\/www.schulministerium.nrw.de\/docs\/Recht\/Schulrecht\/Schulgesetz\/index.html\">\u00a7 42 Absatz 3 Satz 1 SchulG<\/a> haben Sch\u00fclerinnen und Sch\u00fcler die Pflicht daran mitzuarbeiten, dass die Aufgabe der Schule erf\u00fcllt und das Bildungsziel erreicht werden kann. <\/span><\/p>\n<p><span style=\"font-family: arial, helvetica, sans-serif; font-size: 14pt;\">Die Aufgabenerledigung kann daher erwartet werden. Sie unterst\u00fctzt die Aufgabenerf\u00fcllung der Schule und erleichtert das Erreichen von Bildungszielen nach Wiederaufnahme des Unterrichts. <\/span><\/p>\n<p><span style=\"font-family: arial, helvetica, sans-serif; font-size: 14pt;\">Die Aufgabenerledigung liegt vor diesem Hintergrund im hohen Ma\u00dfe im <strong>Eigeninteresse der Sch\u00fclerinnen und Sch\u00fcler.<\/strong><\/span><\/p>\n<p><strong><span style=\"font-family: arial, helvetica, sans-serif; font-size: 14pt;\">Werden die Aufgaben benotet?<\/span><\/strong><\/p>\n<p><span style=\"font-family: arial, helvetica, sans-serif; font-size: 14pt;\">Die Leistungsbewertung bezieht sich auf die im Unterricht vermittelten Kenntnisse, F\u00e4higkeiten und Fertigkeiten. <\/span><\/p>\n<p><span style=\"font-family: arial, helvetica, sans-serif; font-size: 14pt;\">Die w\u00e4hrend der gegenw\u00e4rtigen Zeit des Ruhens des Unterrichts bearbeiteten Aufgaben werden \u2013 ebenso wie Hausaufgaben \u2013 daher in aller Regel nicht benotet. <\/span><\/p>\n<p><span style=\"font-family: arial, helvetica, sans-serif; font-size: 14pt;\">Sie k\u00f6nnen aber durch die Lehrerinnen und Lehrer <strong>\u00fcberpr\u00fcft und f\u00fcr die weitere Arbeit im Unterricht ausgewertet werden.<\/strong><\/span><\/p>\n<p><span style=\"font-family: arial, helvetica, sans-serif; color: #ff0000; font-size: 14pt;\">Die Aufgaben f\u00fcr die Osterferien sind allerdings freiwillig und sollen euch die Langweile vertreiben!<\/span><\/p>\n<p><span style=\"font-family: arial, helvetica, sans-serif; font-size: 14pt;\">Also ran an die Aufgaben! Solltet ihr Fragen haben, richtet euch per E-Mail an die entsprechenden Lehrerinnen und Lehrer!<\/span><\/p>\n<p><strong><span style=\"font-family: arial, helvetica, sans-serif;\">Eure Schulleitung<\/span><\/strong><\/p>\n<p>&nbsp;<\/p>\n","protected":false},"excerpt":{"rendered":"<p>Muss ich die Aufgaben erledigen? Liebe Sch\u00fclerinnen und Sch\u00fcler, nat\u00fcrlich m\u00fcsst ihr die Aufgaben machen! Das Schulministerium schreibt dazu Folgendes: Bei Zeitr\u00e4umen des Ruhens des Unterrichts aus Infektionsschutzgr\u00fcnden handelt es [&hellip;]<\/p>\n","protected":false},"author":2,"featured_media":0,"parent":0,"menu_order":0,"comment_status":"closed","ping_status":"closed","template":"","meta":{"_price":"","_stock":"","_tribe_ticket_header":"","_tribe_default_ticket_provider":"","_tribe_ticket_capacity":"0","_ticket_start_date":"","_ticket_end_date":"","_tribe_ticket_show_description":"","_tribe_ticket_show_not_going":false,"_tribe_ticket_use_global_stock":"","_tribe_ticket_global_stock_level":"","_global_stock_mode":"","_global_stock_cap":"","_tribe_rsvp_for_event":"","_tribe_ticket_going_count":"","_tribe_ticket_not_going_count":"","_tribe_tickets_list":"[]","_tribe_ticket_has_attendee_info_fields":false,"footnotes":"","_members_access_role":[],"_members_access_error":"","_tec_slr_enabled":"","_tec_slr_layout":""},"class_list":["post-2407","page","type-page","status-publish","hentry"],"jetpack_sharing_enabled":true,"ticketed":false,"_links":{"self":[{"href":"https:\/\/rsh-bonn.de\/index.php?rest_route=\/wp\/v2\/pages\/2407","targetHints":{"allow":["GET"]}}],"collection":[{"href":"https:\/\/rsh-bonn.de\/index.php?rest_route=\/wp\/v2\/pages"}],"about":[{"href":"https:\/\/rsh-bonn.de\/index.php?rest_route=\/wp\/v2\/types\/page"}],"author":[{"embeddable":true,"href":"https:\/\/rsh-bonn.de\/index.php?rest_route=\/wp\/v2\/users\/2"}],"replies":[{"embeddable":true,"href":"https:\/\/rsh-bonn.de\/index.php?rest_route=%2Fwp%2Fv2%2Fcomments&post=2407"}],"version-history":[{"count":7,"href":"https:\/\/rsh-bonn.de\/index.php?rest_route=\/wp\/v2\/pages\/2407\/revisions"}],"predecessor-version":[{"id":2745,"href":"https:\/\/rsh-bonn.de\/index.php?rest_route=\/wp\/v2\/pages\/2407\/revisions\/2745"}],"wp:attachment":[{"href":"https:\/\/rsh-bonn.de\/index.php?rest_route=%2Fwp%2Fv2%2Fmedia&parent=2407"}],"curies":[{"name":"wp","href":"https:\/\/api.w.org\/{rel}","templated":true}]}}

<p><span style="font-size: 14pt;"><strong><span style="font-family: arial, helvetica, sans-serif;">Muss ich die Aufgaben erledigen?</span></strong></span></p>
<p><span style="font-family: arial, helvetica, sans-serif; font-size: 14pt;">Liebe Schülerinnen und Schüler,</span></p>
<p><span style="font-family: arial, helvetica, sans-serif; font-size: 14pt;">natürlich <strong>müsst</strong> ihr die Aufgaben machen! Das Schulministerium schreibt dazu Folgendes:</span></p>
<p><span style="font-family: arial, helvetica, sans-serif; font-size: 14pt;">Bei Zeiträumen des Ruhens des Unterrichts aus Infektionsschutzgründen handelt es sich <strong>nicht um Ferien</strong>, die der Erholung dienen.</span></p>
<p><span style="font-family: arial, helvetica, sans-serif; font-size: 14pt;">Gemäß <a href="https://www.schulministerium.nrw.de/docs/Recht/Schulrecht/Schulgesetz/index.html">§ 42 Absatz 3 Satz 1 SchulG</a> haben Schülerinnen und Schüler die Pflicht daran mitzuarbeiten, dass die Aufgabe der Schule erfüllt und das Bildungsziel erreicht werden kann. </span></p>
<p><span style="font-family: arial, helvetica, sans-serif; font-size: 14pt;">Die Aufgabenerledigung kann daher erwartet werden. Sie unterstützt die Aufgabenerfüllung der Schule und erleichtert das Erreichen von Bildungszielen nach Wiederaufnahme des Unterrichts. </span></p>
<p><span style="font-family: arial, helvetica, sans-serif; font-size: 14pt;">Die Aufgabenerledigung liegt vor diesem Hintergrund im hohen Maße im <strong>Eigeninteresse der Schülerinnen und Schüler.</strong></span></p>
<p><strong><span style="font-family: arial, helvetica, sans-serif; font-size: 14pt;">Werden die Aufgaben benotet?</span></strong></p>
<p><span style="font-family: arial, helvetica, sans-serif; font-size: 14pt;">Die Leistungsbewertung bezieht sich auf die im Unterricht vermittelten Kenntnisse, Fähigkeiten und Fertigkeiten. </span></p>
<p><span style="font-family: arial, helvetica, sans-serif; font-size: 14pt;">Die während der gegenwärtigen Zeit des Ruhens des Unterrichts bearbeiteten Aufgaben werden – ebenso wie Hausaufgaben – daher in aller Regel nicht benotet. </span></p>
<p><span style="font-family: arial, helvetica, sans-serif; font-size: 14pt;">Sie können aber durch die Lehrerinnen und Lehrer <strong>überprüft und für die weitere Arbeit im Unterricht ausgewertet werden.</strong></span></p>
<p><span style="font-family: arial, helvetica, sans-serif; color: #ff0000; font-size: 14pt;">Die Aufgaben für die Osterferien sind allerdings freiwillig und sollen euch die Langweile vertreiben!</span></p>
<p><span style="font-family: arial, helvetica, sans-serif; font-size: 14pt;">Also ran an die Aufgaben! Solltet ihr Fragen haben, richtet euch per E-Mail an die entsprechenden Lehrerinnen und Lehrer!</span></p>
<p><strong><span style="font-family: arial, helvetica, sans-serif;">Eure Schulleitung</span></strong></p>
<p>&nbsp;</p>

<p>Muss ich die Aufgaben erledigen? Liebe Schülerinnen und Schüler, natürlich müsst ihr die Aufgaben machen! Das Schulministerium schreibt dazu Folgendes: Bei Zeiträumen des Ruhens des Unterrichts aus Infektionsschutzgründen handelt es [&hellip;]</p>
