{"id":49,"date":"2019-09-16T20:46:47","date_gmt":"2019-09-16T18:46:47","guid":{"rendered":"http:\/\/rsh-test.de\/?page_id=49"},"modified":"2019-10-23T11:27:08","modified_gmt":"2019-10-23T09:27:08","slug":"schulgebaeude","status":"publish","type":"page","link":"https:\/\/rsh-bonn.de\/?page_id=49","title":{"rendered":"Schulgeb\u00e4ude"},"content":{"rendered":"<h1><span style=\"font-family: arial, helvetica, sans-serif; font-size: 14pt;\">Schulgeb\u00e4ude<\/span><\/h1>\n<p class=\"einleitung\"><span style=\"font-family: arial, helvetica, sans-serif;\">Die Realschule Hardtberg teilt sich das Schulgeb\u00e4ude mit der August-Macke-Schule, einer Ganztagshauptschule. Die Schulh\u00f6fe nutzen die Sch\u00fclerinnen und Sch\u00fcler gemeinsam, die Klassen-, Lehrer-\u00a0und Fachr\u00e4ume sind f\u00fcr jede Schulform getrennt vorhanden.<\/span><\/p>\n<p><span style=\"font-family: arial, helvetica, sans-serif;\"><img loading=\"lazy\" decoding=\"async\" src=\"https:\/\/rsh-bonn.de\/files\/images\/dsc_0183.JPG\" alt=\" \" width=\"400\" height=\"266\" \/><\/span><\/p>\n<p>&nbsp;<\/p>\n<p><span style=\"font-family: arial, helvetica, sans-serif;\"><img loading=\"lazy\" decoding=\"async\" src=\"https:\/\/rsh-bonn.de\/files\/images\/dsc_0176.JPG\" alt=\" \" width=\"400\" height=\"266\" \/><\/span><\/p>\n<p>&nbsp;<\/p>\n<p>&nbsp;<\/p>\n<p>&nbsp;<\/p>\n<p>&nbsp;<\/p>\n<p>&nbsp;<\/p>\n","protected":false},"excerpt":{"rendered":"<p>Schulgeb\u00e4ude Die Realschule Hardtberg teilt sich das Schulgeb\u00e4ude mit der August-Macke-Schule, einer Ganztagshauptschule. Die Schulh\u00f6fe nutzen die Sch\u00fclerinnen und Sch\u00fcler gemeinsam, die Klassen-, Lehrer-\u00a0und Fachr\u00e4ume sind f\u00fcr jede Schulform getrennt [&hellip;]<\/p>\n","protected":false},"author":1,"featured_media":0,"parent":0,"menu_order":0,"comment_status":"closed","ping_status":"closed","template":"","meta":{"_price":"","_stock":"","_tribe_ticket_header":"","_tribe_default_ticket_provider":"","_tribe_ticket_capacity":"0","_ticket_start_date":"","_ticket_end_date":"","_tribe_ticket_show_description":"","_tribe_ticket_show_not_going":false,"_tribe_ticket_use_global_stock":"","_tribe_ticket_global_stock_level":"","_global_stock_mode":"","_global_stock_cap":"","_tribe_rsvp_for_event":"","_tribe_ticket_going_count":"","_tribe_ticket_not_going_count":"","_tribe_tickets_list":"[]","_tribe_ticket_has_attendee_info_fields":false,"footnotes":"","_tec_slr_enabled":"","_tec_slr_layout":""},"class_list":["post-49","page","type-page","status-publish","hentry"],"jetpack_sharing_enabled":true,"ticketed":false,"_links":{"self":[{"href":"https:\/\/rsh-bonn.de\/index.php?rest_route=\/wp\/v2\/pages\/49","targetHints":{"allow":["GET"]}}],"collection":[{"href":"https:\/\/rsh-bonn.de\/index.php?rest_route=\/wp\/v2\/pages"}],"about":[{"href":"https:\/\/rsh-bonn.de\/index.php?rest_route=\/wp\/v2\/types\/page"}],"author":[{"embeddable":true,"href":"https:\/\/rsh-bonn.de\/index.php?rest_route=\/wp\/v2\/users\/1"}],"replies":[{"embeddable":true,"href":"https:\/\/rsh-bonn.de\/index.php?rest_route=%2Fwp%2Fv2%2Fcomments&post=49"}],"version-history":[{"count":3,"href":"https:\/\/rsh-bonn.de\/index.php?rest_route=\/wp\/v2\/pages\/49\/revisions"}],"predecessor-version":[{"id":697,"href":"https:\/\/rsh-bonn.de\/index.php?rest_route=\/wp\/v2\/pages\/49\/revisions\/697"}],"wp:attachment":[{"href":"https:\/\/rsh-bonn.de\/index.php?rest_route=%2Fwp%2Fv2%2Fmedia&parent=49"}],"curies":[{"name":"wp","href":"https:\/\/api.w.org\/{rel}","templated":true}]}}

Schulgebäude

<h1><span style="font-family: arial, helvetica, sans-serif; font-size: 14pt;">Schulgebäude</span></h1>
<p class="einleitung"><span style="font-family: arial, helvetica, sans-serif;">Die Realschule Hardtberg teilt sich das Schulgebäude mit der August-Macke-Schule, einer Ganztagshauptschule. Die Schulhöfe nutzen die Schülerinnen und Schüler gemeinsam, die Klassen-, Lehrer- und Fachräume sind für jede Schulform getrennt vorhanden.</span></p>
<p><span style="font-family: arial, helvetica, sans-serif;"><img loading="lazy" decoding="async" src="https://rsh-bonn.de/files/images/dsc_0183.JPG" alt=" " width="400" height="266" /></span></p>
<p>&nbsp;</p>
<p><span style="font-family: arial, helvetica, sans-serif;"><img loading="lazy" decoding="async" src="https://rsh-bonn.de/files/images/dsc_0176.JPG" alt=" " width="400" height="266" /></span></p>
<p>&nbsp;</p>
<p>&nbsp;</p>
<p>&nbsp;</p>
<p>&nbsp;</p>
<p>&nbsp;</p>

<p>Schulgebäude Die Realschule Hardtberg teilt sich das Schulgebäude mit der August-Macke-Schule, einer Ganztagshauptschule. Die Schulhöfe nutzen die Schülerinnen und Schüler gemeinsam, die Klassen-, Lehrer- und Fachräume sind für jede Schulform getrennt [&hellip;]</p>
