{"id":63,"date":"2019-09-16T20:48:39","date_gmt":"2019-09-16T18:48:39","guid":{"rendered":"http:\/\/rsh-test.de\/?page_id=63"},"modified":"2026-03-25T18:09:42","modified_gmt":"2026-03-25T17:09:42","slug":"individuelle-foerderung","status":"publish","type":"page","link":"https:\/\/rsh-bonn.de\/?page_id=63","title":{"rendered":"Individuelle F\u00f6rderung"},"content":{"rendered":"<p><strong><span style=\"font-family: arial, helvetica, sans-serif; font-size: 14pt;\">Individuelle F\u00f6rderung<\/span><\/strong><\/p>\n<p><span style=\"font-family: arial, helvetica, sans-serif;\">Individuelle F\u00f6rderung an unserer Schule ist mehr als nur die F\u00f6rderung in den Hauptf\u00e4chern Deutsch, Mathematik und Englisch. Im Mittelpunkt unseres Konzeptes steht dabei das einzelne Kind, dessen Kompetenzen wir sowohl im kognitiven als auch im sozialen Bereich f\u00f6rdern und weiterentwickeln wollen (s. \u201eFit f\u00fcr die Gesellschaft\u201c).<\/span><\/p>\n<p><span style=\"font-family: arial, helvetica, sans-serif;\">Es ist uns wichtig, Sch\u00fclerinnen und Sch\u00fcler auf ihr zuk\u00fcnftiges Leben vorzubereiten (s. \u201eFit f\u00fcr den Beruf\u201c) und dabei auch die Anforderungen der Wirtschaft zu ber\u00fccksichtigen. Schlie\u00dflich erwartet diese nicht nur ein fundiertes Grundwissen und ein breites Spektrum an F\u00e4higkeiten, sondern dar\u00fcber hinaus auch Schl\u00fcsselqualifikationen wie Teamf\u00e4higkeit, Kreativit\u00e4t, Entwicklung von Probleml\u00f6sungsstrategien und nicht zuletzt die F\u00e4higkeit zu selbstst\u00e4ndigem und eigenverantwortlichem Lernen.<\/span><\/p>\n<p><span style=\"font-family: arial, helvetica, sans-serif;\"><a href=\"http:\/\/rsh-test.de\/?page_id=65\">Rahmenkonzept<\/a><\/span><\/p>\n<p><span style=\"font-family: arial, helvetica, sans-serif;\"><a href=\"http:\/\/rsh-test.de\/?page_id=67\">Kreativbereich<\/a><\/span><\/p>\n","protected":false},"excerpt":{"rendered":"<p>Individuelle F\u00f6rderung Individuelle F\u00f6rderung an unserer Schule ist mehr als nur die F\u00f6rderung in den Hauptf\u00e4chern Deutsch, Mathematik und Englisch. Im Mittelpunkt unseres Konzeptes steht dabei das einzelne Kind, dessen [&hellip;]<\/p>\n","protected":false},"author":1,"featured_media":0,"parent":0,"menu_order":0,"comment_status":"closed","ping_status":"closed","template":"","meta":{"_price":"","_stock":"","_tribe_ticket_header":"","_tribe_default_ticket_provider":"","_tribe_ticket_capacity":"0","_ticket_start_date":"","_ticket_end_date":"","_tribe_ticket_show_description":"","_tribe_ticket_show_not_going":false,"_tribe_ticket_use_global_stock":"","_tribe_ticket_global_stock_level":"","_global_stock_mode":"","_global_stock_cap":"","_tribe_rsvp_for_event":"","_tribe_ticket_going_count":"","_tribe_ticket_not_going_count":"","_tribe_tickets_list":"[]","_tribe_ticket_has_attendee_info_fields":false,"footnotes":"","_tec_slr_enabled":"","_tec_slr_layout":""},"class_list":["post-63","page","type-page","status-publish","hentry"],"jetpack_sharing_enabled":true,"ticketed":false,"_links":{"self":[{"href":"https:\/\/rsh-bonn.de\/index.php?rest_route=\/wp\/v2\/pages\/63","targetHints":{"allow":["GET"]}}],"collection":[{"href":"https:\/\/rsh-bonn.de\/index.php?rest_route=\/wp\/v2\/pages"}],"about":[{"href":"https:\/\/rsh-bonn.de\/index.php?rest_route=\/wp\/v2\/types\/page"}],"author":[{"embeddable":true,"href":"https:\/\/rsh-bonn.de\/index.php?rest_route=\/wp\/v2\/users\/1"}],"replies":[{"embeddable":true,"href":"https:\/\/rsh-bonn.de\/index.php?rest_route=%2Fwp%2Fv2%2Fcomments&post=63"}],"version-history":[{"count":6,"href":"https:\/\/rsh-bonn.de\/index.php?rest_route=\/wp\/v2\/pages\/63\/revisions"}],"predecessor-version":[{"id":7085,"href":"https:\/\/rsh-bonn.de\/index.php?rest_route=\/wp\/v2\/pages\/63\/revisions\/7085"}],"wp:attachment":[{"href":"https:\/\/rsh-bonn.de\/index.php?rest_route=%2Fwp%2Fv2%2Fmedia&parent=63"}],"curies":[{"name":"wp","href":"https:\/\/api.w.org\/{rel}","templated":true}]}}